
What is 1101244 (base 5) in base 9?
27884
What is -4312 (base 7) in base 16?
-5f8
Convert -17215 (base 8) to base 7.
-31542
What is -c343 (base 14) in base 11?
-23253
-1001101011010 (base 2) to base 12
-2a4a
-55ba (base 12) to base 15
-2c37
Convert 366 (base 11) to base 6.
2003
What is 5aa0 (base 11) in base 4?
1330213
What is -106 (base 10) in base 16?
-6a
What is -121111 (base 3) in base 2?
-110111101
1359 (base 15) to base 16
1026
What is -3223332 (base 4) in base 15?
-471c
Convert -2445 (base 8) to base 15.
-5cc
15366 (base 9) to base 3
112102020
What is -110000000000 (base 2) in base 11?
-2343
What is 711a (base 13) in base 16?
3cd3
3542 (base 10) to base 11
2730
What is -4513 (base 15) in base 8?
-34463
Convert -10200122 (base 3) to base 14.
-da2
What is -20022011 (base 3) in base 7?
-16252
What is -31304 (base 6) in base 13?
-1bc4
What is -1176 (base 13) in base 6?
-15223
-1344 (base 6) to base 13
-211
23715 (base 12) to base 13
1891a
Convert -1208 (base 9) to base 13.
-542
What is 41847 (base 10) in base 13?
16080
Convert 220023 (base 4) to base 14.
d19
What is -c7 (base 16) in base 5?
-1244
136a6 (base 12) to base 16
691e
What is 11000001000 (base 2) in base 4?
120020
What is -17c (base 13) in base 3?
-101002
Convert -662 (base 8) to base 10.
-434
What is 35c (base 13) in base 12?
408
2907 (base 10) to base 4
231123
Convert 6b7 (base 13) to base 9.
1533
Convert 1037 (base 10) to base 12.
725
Convert 2339 (base 11) to base 7.
11641
What is 12324 (base 7) in base 9?
4413
-9040 (base 10) to base 11
-6879
What is b68b (base 14) in base 15?
94dd
What is -6b2 (base 12) in base 11?
-828
Convert -1a080 (base 11) to base 8.
-66607
-320122 (base 4) to base 7
-13345
What is -214 (base 9) in base 5?
-1200
Convert 25c (base 13) to base 8.
637
21110 (base 4) to base 5
4341
Convert -32221 (base 5) to base 10.
-2186
Convert -1fe (base 16) to base 15.
-240
What is 11110100101 (base 2) in base 10?
1957
451 (base 6) to base 3
20111
-21202 (base 3) to base 16
-d1
What is 3683 (base 9) in base 3?
10202210
32302 (base 4) to base 3
1022001
Convert 165 (base 8) to base 2.
1110101
6a8 (base 16) to base 13
a11
128c (base 15) to base 2
111101110101
What is b86 (base 13) in base 4?
132301
Convert 122088 (base 9) to base 8.
217755
Convert -1ea7 (base 16) to base 2.
-1111010100111
Convert -1100001110 (base 2) to base 6.
-3342
What is 120202 (base 3) in base 12?
2b5
11100000011 (base 2) to base 12
1057
Convert 8c0 (base 14) to base 5.
23421
Convert 315 (base 9) to base 4.
10001
Convert 551 (base 10) to base 5.
4201
What is 2f2 (base 16) in base 13?
460
Convert 540 (base 9) to base 5.
3231
What is 120200 (base 3) in base 7?
1143
What is 22020010 (base 3) in base 15?
1b9c
Convert 9c16 (base 13) to base 2.
101010100111100
-40c (base 14) to base 13
-493
11313 (base 4) to base 6
1423
10112 (base 7) to base 3
10101002
-1597 (base 11) to base 2
-11111111010
What is 16515 (base 9) in base 2?
10110001011010
What is 2113 (base 5) in base 6?
1151
Convert 1a17 (base 15) to base 10.
5647
Convert -143314 (base 6) to base 4.
-3112132
-14414 (base 6) to base 9
-3151
Convert -b0ea (base 15) to base 2.
-1001000111100001
108 (base 13) to base 14
c9
Convert -203201 (base 4) to base 8.
-4341
What is -3124 (base 5) in base 7?
-1131
1707 (base 8) to base 10
967
Convert -1651 (base 12) to base 2.
-101001011101
What is -100010101 (base 2) in base 10?
-277
Convert 2c (base 15) to base 14.
30
What is 61ab (base 12) in base 5?
320033
Convert 223 (base 5) to base 4.
333
Convert 164 (base 12) to base 11.
190
-27d (base 15) to base 12
-3b4
-1165 (base 7) to base 3
-121021
Convert -10101122 (base 3) to base 4.
-212222
What is -4c19 (base 13) in base 2?
-10101001010110
1c8 (base 14) to base 3
111210
What is 3203301 (base 4) in base 6?
151253
Convert -347 (base 12) to base 5.
-3422
What is 1243 (base 9) in base 5?
12210
What is 58287 (base 9) in base 5?
2221003
Convert 111221 (base 3) to base 4.
11320
97 (base 15) to base 14
a2
What is -30401 (base 6) in base 2?
-111111000001
Convert 44342 (base 6) to base 3.
22110222
Convert -2082 (base 9) to base 14.
-7b6
-108ab (base 13) to base 3
-1112020010
What is -1647 (base 8) in base 12?
-65b
What is 415 (base 14) in base 10?
803
What is 26242 (base 7) in base 16?
1b4c
-1511 (base 6) to base 14
-20b
Convert -1801 (base 12) to base 14.
-109b
What is -9e5 (base 16) in base 8?
-4745
What is -1003210 (base 4) in base 12?
-2604
-342 (base 5) to base 12
-81
Convert -11001001010100 (base 2) to base 12.
-7558
What is 10303 (base 5) in base 3?
222001
31145 (base 9) to base 12
ba72
What is 210233 (base 4) in base 9?
3202
Convert 1112113 (base 4) to base 3.
21120201
Convert -676 (base 11) to base 3.
-1002222
7046 (base 10) to base 15
214b
Convert 121220 (base 5) to base 9.
6226
Convert 111000101 (base 2) to base 15.
203
What is -1011010 (base 2) in base 3?
-10100
Convert 2213430 (base 5) to base 7.
220403
Convert 5555 (base 13) to base 15.
37d5
Convert 2263 (base 15) to base 2.
1110001111101
What is 1445 (base 10) in base 11?
10a4
Convert 1122232 (base 4) to base 9.
7861
Convert 14208 (base 14) to base 4.
30022000
-1100 (base 4) to base 8
-120
Convert -328 (base 16) to base 5.
-11213
What is -e3 (base 15) in base 12?
-159
What is -10111001010 (base 2) in base 14?
-77c
2bc (base 16) to base 9
857
Convert 11000011111101 (base 2) to base 11.
9471
Convert -1221211 (base 3) to base 6.
-10334
Convert 3311231 (base 4) to base 8.
36555
Convert -12412 (base 9) to base 8.
-20242
Convert 71b (base 13) to base 15.
557
What is -29a0 (base 12) in base 5?
-123442
What is 326b (base 14) in base 15?
28b4
18360 (base 9) to base 16
3192
What is 20454 (base 7) in base 10?
5037
3829 (base 14) to base 4
2121231
What is -22a7 (base 12) in base 5?
-110441
Convert 24398 (base 10) to base 11.
17370
Convert 36b (base 12) to base 9.
632
What is 453 (base 9) in base 10?
372
Convert 2307 (base 10) to base 7.
6504
14043 (base 6) to base 13
cc3
10000000110010 (base 2) to base 13
39a0
What is -936 (base 15) in base 14?
-a84
-2110111 (base 4) to base 11
-7150
Convert 6305 (base 10) to base 7.
24245
8047 (base 15) to base 13
c421
111110000 (base 2) to base 5
3441
-9999 (base 16) to base 14
-10489
4130 (base 5) to base 6
2300
What is -1b81 (base 12) in base 7?
-12640
What is -323242 (base 5) in base 11?
-8356
Convert -c21 (base 15) to base 13.
-1321
Convert -1041 (base 15) to base 3.
-11201021
Convert 2466 (base 11) to base 4.
302102
36a (base 12) to base 2
1000000010
Convert -4c8 (base 16) to base 14.
-636
Convert -55150 (base 6) to base 14.
-2aca
2297 (base 12) to base 10
3859
What is 4042 (base 8) in base 9?
2763
-10023 (base 5) to base 6
-2542
-162 (base 13) to base 4
-3321
24b (base 16) to base 7
1466
Convert -51150 (base 8) to base 2.
-101001001101000
What is -1028 (base 10) in base 4?
-100010
What is 2249 (base 11) in base 12?
1865
What is -1202200000 (base 3) in base 4?
-20132331
1011 (base 2) to base 7
14
Convert 50021 (base 9) to base 12.
16bb4
What is -115452 (base 7) in base 2?
-101001010100100
What is 33071 (base 11) in base 16?
bb7a
Convert -1411403 (base 5) to base 15.
-88bd
What is -102011 (base 4) in base 11?
-962
-181a3 (base 11) to base 8
-61663
-9a (base 16) to base 8
-232
What is -801 (base 9) in base 14?
-345
Convert 1461 (base 12) to base 6.
15001
Convert 565 (base 16) to base 2.
10101100101
-23123 (base 5) to base 3
-2021121
-20100 (base 4) to base 9
-646
Convert 110001102 (base 3) to base 6.
104402
1201020222 (base 3) to base 8
101672
Convert -30202323 (base 4) to base 8.
-144273
What is 3311 (base 6) in base 7?
2140
What is -405404 (base 6) in base 13?
-11941
What is -1456 (base 9) in base 13?
-66c
156 (base 9) to base 10
132
What is 60b8 (base 12) in base 6?
120352
What is -123321 (base 4) in base 5?
-24120
5a85 (base 14) to base 8
36665
-8095 (base 11) to base 2
-10101000000000
Convert -db35 (base 15) to base 2.
-1011010101000000
Convert -34322 (base 5) to base 13.
-1175
What is 123140 (base 5) in base 8?
11273
-2312 (base 8) to base 16
-4ca
Convert 5739 (base 12) to base 7.
40155
30411 (base 7) to base 3
101011100
What is -100 (base 15) in base 8?
-341
What is 6022 (base 7) in base 14?
a82
-3541 (base 6) to base 15
-3bd
Convert 5 (base 6) to base 8.
5
What is -221033 